+ 40. Let m(b) = -3*o(b) + 4*z(b). Calculate m(-16).
-8
Let t(p) = p**3 - 4*p**2 + 2*p - 4. Suppose -17*i + 222 = 171. Give t(i).
-7
Let h(a) = -3*a - 4. Let m(o) = -o. Let c(r) = -2*h(r) + 9*m(r). Determine c(-6).
26
Let i(h) = 20*h - 158. Let m be i(8). Let s(p) = p**3 - 2*p**2 + p - 2. What is s(m)?
0
Let g(z) = z**3 + 27 + 26 - 2*z**3 - 47 - 5*z**2 + 5*z. What is g(-4)?
-30
Let b(y) be the third derivative of y**6/120 - 2*y**3/3 + 4066*y**2. Let c = -2 + 2. Determine b(c).
-4
Let l(q) = -2*q + 4. Let w be 1/(-3*(-3)/36). Let a be -1*w*1/(-1). Let u = 0 + a. Determine l(u).
-4
Let a(j) = 3*j**2 + 3*j + 1. Let l be 9/12*11/((-55)/20). Give a(l).
19
Let z(a) = 6*a**2 - 5*a**2 + 4 - 1 + 4*a - a. Let y be z(-3). Let f(u) = 5 + u**2 - 6 + y + 1 + 5*u. Calculate f(-4).
-1
Let x(s) = s**3 - 4*s**2 + 5*s - 4. Suppose -5*z - 5*n + 35 = 0, 3*n - 5*n = -10. Suppose -12 = -v + m + 2*m, 0 = -v + z*m + 9. Determine x(v).
2
Let j(x) be the first derivative of -x**3/3 + 2*x**2 + 3*x + 126. Give j(3).
6
Let l be (-7 + 1)*1/(-2). Suppose -l*t - 16 = t. Let q(j) = -3*j + 1. Let m(c) = -c - 1. Let x(r) = 4*m(r) - q(r). What is x(t)?
-1
Let o(d) be the third derivative of d**4/12 - d**3/2 + 119*d**2. What is o(5)?
7
Let l(f) = -f + 2. Let n(p) = 3*p - 3. Let z(c) = -2*l(c) - n(c). Give z(-13).
12
Let g(r) = -r**2 - 4*r + 3. Let q be g(-4). Let x(f) = -q*f + 6*f - 2*f + 11. Let a = 6 - 12. Determine x(a).
5
Let r(x) be the second derivative of 7*x**5/20 - x**3/3 + x**2/2 + 6*x - 1. Suppose 10 = f + f. Suppose -h = -6*h + f. What is r(h)?
6
Let s(t) = -245*t + 244. Let v be s(1). Let m(f) = -17*f - 2. Determine m(v).
15
Let f(z) be the second derivative of -z**4/12 - z**2 - 6*z. Let p(m) = m**2 - 3*m + 4. Let l be p(3). Suppose -l*d = -d. Calculate f(d).
-2
Let s = -21 + 41. Suppose 0 = 9*i - 4*i - s. Suppose 16 = -3*z - i*j, -4*z - 30 = j - 0*j. Let u(n) = -n - 11. What is u(z)?
-3
Let q(a) = -a**2 + 5*a - 3. Let h be (-16)/6*(-3)/2. Suppose -h*l - 4*k = 8, 6*l - 1 = 4*l - k. Give q(l).
3
Let c(f) be the third derivative of -f**6/360 - f**5/40 + f**4/8 + f**3 - 39*f**2. Let d(x) be the first derivative of c(x). Calculate d(-3).
3
Let c(b) = -b - 19. Let t(s) = -s**2 + 38*s - 144. Let x be t(34). Determine c(x).
-11
Suppose 413*y = 419*y + 24. Let k(a) = a**2 + 5*a + 7. Determine k(y).
3
Let r(m) = 18*m + 268. Let z be r(-15). Let y(s) = 3*s**2 + 5*s + 4. Give y(z).
6
Let w = 4738 - 4731. Let f(t) be the second derivative of -t**3/6 + 2*t**2 + 3*t. Calculate f(w).
-3
Let j = 19 - 14. Let o(b) = -j*b + 1 + 0*b + 14*b. Let p(t) = t**3 - 3*t**2 - t + 4. Let k be p(3). Give o(k).
10
Let s = 42 + -33. Let u(b) = b - 15. What is u(s)?
-6
Let t(s) = s**2 + 5*s. Let i(l) = l**3 + l**2 - 5*l - 1. Let j(g) = i(g) - t(g). Calculate j(-3).
2
Let p = 45 - 43. Let d(i) = -199 - 2*i + 3*i - p*i + 200. Calculate d(-3).
4
Let f(o) be the first derivative of -o**4/4 + o**3/3 + 6*o - 85. What is f(0)?
6
Let u(t) be the third derivative of t**5/60 - t**4/2 - 4*t**3/3 + 211*t**2. Determine u(9).
-35
Suppose 3*i + 4*u - 2 = 6*u, 2 = -4*i + 5*u. Let j(z) be the second derivative of 3/2*z**i + 0 - z + 1/2*z**3 + 1/12*z**4. Calculate j(-4).
7
Suppose 2*g + 6 = 3*a, -4 = a - 3*g - 13. Let j(z) = 0 + z + 7 + a*z. Determine j(-7).
0
Let a(w) = w + 5. Suppose 3*p - p = 3*y - 8, -33 = -3*y - 3*p. Let n = y - 8. Let f(r) = 1. Let q(s) = n*a(s) + 4*f(s). What is q(-4)?
2
Let y(i) = i**3 - 3*i**2 - 3*i + 4. Suppose 4*a + 8 - 4 = 0. Let s be 0 + a + (7 - 3). Calculate y(s).
-5
Let h(t) = -t**2 - 6*t - 11. Let q be -15 + (-2 + 12)*1. Calculate h(q).
-6
Let r(u) = -3*u**3 - u**2 - u + 2. Let p(g) = 4*g**3 + g**2 + g - 2. Let c(k) = -4*p(k) - 5*r(k). Let y = 35 - 33. Give c(y).
-4
Suppose -2*n = 2*p + p - 18, 4*n + 8 = 5*p. Let a(g) be the third derivative of -2*g**2 + 0 + 1/24*g**p + 1/2*g**3 + 0*g. What is a(-5)?
-2
Let p(t) = -t**3 + 2*t**2 + t - 1. Let d be p(3). Let l(v) be the third derivative of v**6/120 + 2*v**5/15 + v**4/3 + v**3/3 - 9*v**2 - v. Give l(d).
-5
Let p(w) = 5*w + 3. Let h(o) = 6*o + 3. Let r(a) = 4*h(a) - 5*p(a). Calculate r(10).
-13
Let n(j) = j - 3. Let f(r) = r**3 + 11*r**2 - 7*r - 19. Let z be f(-11). Let g = z + -55. What is n(g)?
0
Suppose -19 + 7 = -3*m. Let q(h) = m + 3 - h**2 - 5 - 3. Let s be (-1 - (-2 - -1))/(-1). Determine q(s).
-1
Let d(z) = 2*z**2 + 6 + 7*z**2 + 3*z**2 + z - 8*z**3 + 0*z**2 + 10*z**3. Give d(-6).
0
Let o be (-120)/9*-3 - -2. Let h be 2/(-5) + o/30. Let d(y) = -y + 4*y - h - 4*y + 4. Calculate d(2).
1
Let y be 30/9*12/10. Suppose 16 = 3*m + y. Let z = 11 - m. Let p(f) = -f**2 + 7*f + 2. Calculate p(z).
2
Let b(z) be the first derivative of 2*z**2 - 4*z - 2. Let v = 611 - 607. What is b(v)?
12
Let c = -8 + 10. Let d(a) = a - 1. What is d(c)?
1
Let y(s) = 7*s + 3. Suppose 2*z + 26 = 4*z. Suppose 3*b + 5*p - 4 = z, 3*p = 2*b - 5. Suppose -4*d + 2*u = b - 0, 3*d = -u - 8. Give y(d).
-11
Let n(k) = -71*k + 135*k - 2 - 70*k. Give n(-12).
70
Let y(f) be the third derivative of f**4/24 + f**3/6 + 2*f**2 - 103*f. Determine y(-1).
0
Let h = 41 - 41. Suppose h*v - 28 = -4*v. Let n(w) = -4*w**2 + 1 + w**3 - 2*w - 3*w**2 + 3. What is n(v)?
-10
Let p(c) = c - 1. Let j(u) = 6*u + 23. Let o be j(-4). Let q(t) = 5*t - 4. Let l(z) = o*q(z) + 4*p(z). Determine l(3).
-3
Let d(m) = -5*m. Let q(i) = -20*i + 1. Let u(l) = -9*d(l) + 2*q(l). What is u(-2)?
-8
Let o(l) = 0*l**2 - 3*l + 2*l - l + 7*l + l**2 + 4. Calculate o(-4).
0
Let g(y) = y**2 + 19*y + 12. Let f be g(-18). Let l(o) = 4*o + 34. Let v be l(f). Let s(u) = u**2 - 11*u + 12. What is s(v)?
2
Suppose 2*o - 9 = 4*x + 7, 0 = 4*o + 2*x - 2. Let r(g) = 5*g + 6 + 4*g**2 - 5*g**2 + 0*g**o. Give r(5).
6
Let i(f) = 5*f - 13. Let l be i(0). Let s(y) = y**3 + 14*y**2 + 10*y - 44. Let n be s(l). Let a(t) = -2*t - 4. Determine a(n).
6
Let y(r) = r + 1. Suppose 30 = -18*n + 23*n. Suppose 0 = -2*t + t + n. Give y(t).
7
Let q(g) = -g - 2. Suppose 6*h - 2*h + 12 = -3*u, 0 = 2*h - 2*u - 8. Suppose 0 = -3*i - 4*w + 18, h = -2*i - w + 10 + 2. Suppose 4*r + i = r. Give q(r).
0
Let x = -262 - -257. Let k(u) be the third derivative of 5/24*u**4 + 0*u + 0 + 4*u**2 + 5/6*u**3 + 1/60*u**5. Determine k(x).
5
Suppose 4*g - 27 = -43, 3*g = j - 11. Let f(o) = -18*o**2 + o + 1. What is f(j)?
-18
Suppose 23 + 33 = 14*x. Let m(z) = -z + 1. Give m(x).
-3
Let o(d) = -d**3 - 8*d**2 + 2*d - 2. Let x be o(-8). Let c = 20 + x. Suppose c*t - 12 = 4*t. Let l(b) = b**2 + 4*b - 4. Calculate l(t).
8
Let t(b) = -257 + 4*b - 235 + 452. Give t(9).
-4
Let y(j) = j**3 + 6*j**2 + 6*j - 4. Let s(r) = 20*r - 204. Let k be s(10). Give y(k).
4
Let l(o) = -o. Let p(s) = 3*s. Let n(f) = 4*l(f) + p(f). Let m(d) = -6*d + 14. Let k(r) = m(r) - 5*n(r). Let b be -5*9/90*-12. Determine k(b).
8
Let p(j) = -j - 7. Suppose -4 = -i + 5*i, 0 = 3*a + 2*i - 223. Let h = a - 81. What is p(h)?
-1
Let v(o) = -o**2 + 1769*o + 8 - 591*o - 588*o - 586*o. Calculate v(6).
-4
Let f be (-2)/3 + 40/15. Suppose -35 = -f*k + 3*m, 4*k - 2*m - 26 = 24. Let z(r) = 5*r - k*r - 6 + 4*r. What is z(0)?
-6
Let x(p) = p**3 - 3*p**2 - 5*p - 5. Let a be x(4). Let c(i) = -3*i**2 + 6*i + 1. Let g(z) = -13*z**2 + 23*z + 3. Let d(m) = a*c(m) + 2*g(m). What is d(9)?
6
Let l = 325 - 318. Let j(u) = -u**2 + 9*u - 8. What is j(l)?
6
Let u(f) be the first derivative of 50 - 5*f + 1/2*f**2. Calculate u(10).
5
Let r(d) = -d**3 - d**2 + d - 11. Suppose 10 + 0 = 2*h. Suppose 7*q - h*q = 0. Let x be 2*(-4)/16*q. Give r(x).
-11
Let w(l) = -2*l**2 - 2*l**2 + 3*l - 6 + 3*l**2. Suppose -3*g + 12 = 3*n, 9*n = 14*n - 2*g - 34. Determine w(n).
-24
Suppose 3*r + 294 = -3*g, 3*g + 0*r + 294 = 3*r. Let p = -104 - g. Let w(k) = k + 3. Determine w(p).
-3
Let q be (-1)/(3*1/(-9)). Let l(w) = -11*w**2 + 4*w**3 - q + 5*w + 2*w**2 + 5*w**2 - 5*w**3. What is l(-5)?
-3
Suppose 5*b - 6 = 3*b. Suppose w = 0, -3*h - 2*w = -0*w + b. Let p(g) = 4*g**2 - 4 + 8 - 5. What is p(h)?
3
Let l(c) be the first derivative of -c**3/3 - 2. Let o(g) = -4*g**2 + g - 1. Let u be o(-1). Let y(d) = 7*d**2 - 5*d - 4. Let v(a) = u*l(a) - y(a). Give v(5).
4
Let u(s) = -s**2 + 27*s - 71. Let a be u(24). Let f(w) = 14*w. Give f(a).
14
Let x = -13 + 7. Suppose 3*k = -3*l + 55 - 10, -82 = -5*k + 2*l. Let c(i) = k - 10 - 7 - i. Give c(x).
5
Suppose -b + 1 = 